2 - 9*s - 10. Let v(p) = p**3 - p**2 - 1. Let n(x) = -i(x) + 3*v(x). Let j(r) = 43*r - 3922. Let l be j(91). What is n(l)?
7
Let b = -530 + 550. Let v(c) = -c + 20. What is v(b)?
0
Let r(v) = 748*v**3 + 733*v**3 - 1482*v**3 - v. Suppose -4*j - n = 9, 7*j + n = 2*j - 11. Determine r(j).
10
Let f(j) = 12*j - 5. Let r(n) = -9*n + 5. Let k(w) = -4*f(w) - 5*r(w). Determine k(-6).
13
Let p(o) be the first derivative of 1/12*o**4 - 5 + 5/6*o**3 - 5/2*o**2 + o. Let n(r) be the first derivative of p(r). What is n(-4)?
-9
Let m(n) be the second derivative of -n**4/12 - 7*n**3/3 - 9*n**2/2 + 62*n. Determine m(-13).
4
Suppose 0 = -8*q - 53 + 5. Let n be 4 - -4 - (1 + 1). Let o(c) = 0 - c**3 + c**2 + 5*c - 3 - n*c**2. Determine o(q).
3
Let r(o) = -6*o + 0*o + 10662*o**2 - 6*o + 9 - 10663*o**2. Calculate r(-10).
29
Let n(y) = -6*y. Let x(c) be the first derivative of -c**3/3 - 7*c**2 + c - 16. Let s be x(-14). Give n(s).
-6
Let i(y) = -2*y - 2. Suppose 5*d + p = 5*p - 8, 5*d - 2*p = -4. Let l be i(d). Let b be (2 - 4)/((-4)/l). Let x(o) = 4*o**2 + o + 1. Give x(b).
4
Let u be (10/(-4))/((-7)/14). Let f = 8 - u. Suppose -f*j + 5 = -2*j. Let s(z) = z**2 - 3*z - 4. Give s(j).
6
Let z(k) = k**2 - 4*k + 4. Let h = 25 + -24. Suppose 0 = -f - i + h, -7*i + 3*i = 8. Suppose p - 6 + f = 0. Give z(p).
1
Suppose -6*l + 7*l - 2*t = -15, -2*l + 2*t = 32. Let f(b) = -b**2 - 20*b - 41. Determine f(l).
10
Let a(b) be the first derivative of -2*b**3 + b**2 + 8*b - 5. Let l(i) = -5*i**2 + 2*i + 7. Let g(h) = 6*a(h) - 7*l(h). What is g(-1)?
0
Let s(o) = -o**2 - 6*o - 2. Let z be -7 + (-1 - -2)/((-53)/(-212)). Give s(z).
7
Let w(q) be the second derivative of q**4/12 - q**3/2 - 3*q**2/2 + 3*q + 11. Determine w(5).
7
Let i(w) = 19*w + 0 - 1 + 0*w - 4*w - 2*w. Suppose -6*t = -t + 5. What is i(t)?
-14
Let y(a) = 5*a - 2. Let d = -2 + 30. Let s = d - 19. Suppose -5*t + s = -6. Give y(t).
13
Let m(r) = -82*r + 13 + 47*r - 10*r**2 + 29*r - r**3. What is m(-9)?
-14
Suppose 5*p - 8 - 2 = 0. Let q(l) = 3*l + 5 + 1 - 1 - 6 - l**p. Give q(2).
1
Suppose 15 = 18*q - 15*q. Suppose -4*j = -y + q, 5*y + 3*j - 25 = -2*j. Let t(p) = p**3 - 3*p**2 - 8*p + 4. Determine t(y).
14
Suppose 0 = 15*p - 23*p. Let c(m) be the second derivative of -3*m**2 - 1/12*m**4 + 5/6*m**3 + m + p. What is c(4)?
-2
Suppose 6*n - 60 = 4*n + 4*b, n = b + 27. Suppose 0 = 2*t + i + 24, -2*t + i = -i + n. Let m(o) = o + 10. What is m(t)?
-2
Let f(m) = 11*m + 21. Let d(h) = -5*h - 10. Let q(z) = 13*d(z) + 6*f(z). Suppose -52 = -18*t - 96 + 116. Give q(t).
0
Let h = -18 - -20. Suppose -h = -o - 0. Let d(y) = -3 + y**o + 15*y + 2 - y**3 - 15*y. What is d(2)?
-5
Let z(w) = 6*w**2 - 2*w + 5. Let g(t) = 7*t**2 - t + 5. Let c(b) = -5*g(b) + 6*z(b). Suppose 11*q - 28 = 49. What is c(q)?
5
Let s(u) = 4*u - 7. Let i(w) = w - 2. Let g(h) = 7*i(h) - 2*s(h). Let j(f) = 2*f - 4. Let b be j(-3). Let r be 6*(-3)/(-45) + (-46)/b. Calculate g(r).
-5
Let n = 134 + 122. Let s(a) = -250*a - 2 + n*a - a**2 + 7. What is s(6)?
5
Let j(z) = 1 - 37*z + 32*z - 30 + 7 - 32. Determine j(-12).
6
Let q(m) be the first derivative of m**4/4 - 6*m + 158. What is q(2)?
2
Suppose 0 = 124*u - 111*u - 52. Suppose -2*t + 7*t = 0. Let k(o) = 2*o - o**2 + t + 6 + u*o. Calculate k(6).
6
Let d(r) = 9*r**2 - 32*r + 9*r**2 + 15*r**3 - 60 - 16*r**3 + 58. What is d(16)?
-2
Let n(r) = 4*r**2 - 10*r - 6*r - 4 - 5*r + r**3 + 14*r. Let x be 1 + (-2 - -1) - (4 + 1). What is n(x)?
6
Let w(u) = 0*u**2 + 9*u + 8 + u**2 - 2*u. Suppose 2*d + 2*y = -0*y + 16, y + 7 = 4*d. Suppose 0 = -d*j - 11 - 10. Give w(j).
8
Let l(m) be the second derivative of m**4/12 - m**3 - m**2 - 2*m + 49. Calculate l(7).
5
Let w(x) be the third derivative of x**6/120 + x**5/12 - 5*x**4/24 - x**3/6 + 5*x**2 - 12. Calculate w(-6).
-7
Let d(w) = -3*w. Let z be d(1). Let o(x) = 6*x + 31. Let a(i) = 2*i + 11. Let j(m) = 11*a(m) - 4*o(m). What is j(z)?
3
Let m(v) = 7*v - 27. Let h(j) = -9*j + 38. Let n(t) = -3*h(t) - 4*m(t). Suppose 4 = -3*s + 19. Suppose 2 = -s*y - 13. Calculate n(y).
-3
Let m be 26*2/10 - 32/(-40). Let t(k) = k**2 - k + 1. Let w(b) = 5*b**2 - b + 4. Let o(h) = -6*t(h) + w(h). Calculate o(m).
-8
Suppose -3*z - 5*w = 33, 4*w = 5*z + 164 - 146. Let q(p) be the first derivative of p**4/4 + 5*p**3/3 - 3*p**2/2 + 2*p - 1. Determine q(z).
-16
Let a = 2 - -2. Let q(v) = 5*v - 5 - 1 - a*v + 2. Determine q(3).
-1
Let i(b) = -b**3 - 12*b**2 - 22*b - 13. Let g be i(-10). Let r(t) = 1 + 10 - g + t. Give r(8).
12
Suppose -36 = 2*v - 6*v. Let b(n) = -2*n + 21. Let h be b(v). Let q(t) = -7*t - 1. Give q(h).
-22
Suppose 3*i - 4*p = -17 + 55, -p = -4*i + 42. Let b(v) = -2*v - 5*v + i*v + v**2 - 6. Suppose -g = 5*a - 2*g + 23, 0 = -g - 2. Determine b(a).
4
Let j(a) = 4*a + 7. Suppose 3*w - 1 = 5, 4*i - 2*w - 16 = 0. Let c(g) = -3*g - 6. Let p(q) = i*c(q) + 4*j(q). Give p(-6).
-8
Let j(l) = -2*l + 2. Let n(q) = 2*q + 12. Let o be (-8)/(-10)*10/(-2). Let d be n(o). Calculate j(d).
-6
Let v(m) = m**3 + m**2 + m - 7. Let n(a) = 2*a + 13. Let r = 19 - 24. Let x be n(r). Suppose -x*j - c = -2*j - 5, -5*c + 25 = 0. What is v(j)?
-7
Let n(f) be the first derivative of f**4/2 - 2*f**3/3 + 3*f**2/2 - 2*f + 117. Give n(2).
12
Let y(m) = m**3 - 3*m**2 - 3*m. Let r = -29 - -31. Suppose -r*n + 3*j = -17, -3*n - 2*n - 4*j + 8 = 0. Give y(n).
4
Let a(g) = 7*g**3 - 16*g**2 + 10*g - 10. Let z(t) = -4*t**3 + 8*t**2 - 6*t + 5. Let q(s) = -3*a(s) - 5*z(s). Calculate q(8).
5
Let a(c) = c**3 - 29*c**2 - 4*c + 121. Let m be a(29). Let j(d) be the first derivative of -m - d**3 - 1/2*d**2 + 0*d. Give j(1).
-4
Let n(j) be the third derivative of j**6/120 - 7*j**5/60 + j**4/6 + 7*j**3/6 - 14*j**2. Suppose 2*k - 4 = -3*l, 6*l = -k + 3*l - 1. What is n(k)?
-23
Suppose -3*z = l - 9 + 21, 4 = -4*z. Let a(h) = h**2 + 5*h + 9. Give a(l).
45
Let k be (-3 + 6)*8/6. Let o(f) = k*f - 4*f + 1 - f - f. Let t = -2 - -1. What is o(t)?
3
Let x(u) = -u**2 - 8 + 2*u + 9*u + 15 - 13. Calculate x(7).
22
Let l(p) = p**3 - 3*p**2 - 9*p + 6. Let r(o) = o - 1. Let z(v) = l(v) + 5*r(v). Determine z(4).
1
Let o(u) be the third derivative of 0 - 1/2*u**3 + 4*u**2 + 1/24*u**4 + u. Calculate o(0).
-3
Let x = 32 + -21. Suppose -27 = -4*q - x. Let d(s) = -s**2 + 4*s + 3. Calculate d(q).
3
Let r(b) = b**3 - 10*b**2 + 18*b - 10. Let k be (-8)/6*(21 - 18) - -12. Calculate r(k).
6
Suppose 0 = 5*v + 3*l - 1, -2*l + 7*l + 25 = 5*v. Suppose 6 = 3*f, -4*j + 0*f + 3*f = 6. Let h(a) = 4 - a**3 + j*a**2 - 2*a + 7*a - 3*a**v. Determine h(-3).
-11
Let k be 2/((-4)/(1 - 9)). Suppose -4 = -r + 3*u, -5*u + 8 - 24 = -k*r. Let o(a) = -a - 4. Calculate o(r).
-8
Suppose 0 = 4*u + 5*s + 68, -3*s - 58 = 3*u - s. Let l(n) = -n**3 - 22*n**2 + 2*n + 46. Determine l(u).
2
Let p(u) = u**3 + 6*u**2 + 4*u - 5. Let y(w) = -w + 7. Let f = 54 - 80. Let l = -15 - f. Let n be y(l). Determine p(n).
11
Let o(w) = w**3 + 8*w**2 - 3*w - 12. Suppose 26 = -2*x + 3*x. Suppose 0 = 30*z - x*z + 32. Determine o(z).
12
Let m(n) = 3*n**2 - 13*n + 5. Let w(b) = 7*b**2 - 29*b + 11. Let t(i) = -5*m(i) + 2*w(i). What is t(9)?
-21
Let j(q) = 15*q**3 + 31*q**2 - 9*q - 29. Let h(o) = 7*o**3 + 15*o**2 - 5*o - 14. Let n(f) = 13*h(f) - 6*j(f). Calculate n(-10).
2
Let p(r) be the first derivative of -r**2 + 4*r - 1. Let k = 160 + -249. Let o = -83 - k. What is p(o)?
-8
Suppose -11*g + 33 = -22. Let r(h) = -h**2 - h - 1. Calculate r(g).
-31
Let c(d) = 3*d. Let w be c(-1). Let j(f) = f**3 - f**2 - 4*f - 3. Let k(q) = 2*q**3 - 6*q - 6. Let y(x) = 3*j(x) - 2*k(x). Give y(w).
3
Let c(p) be the third derivative of p**6/60 + p**5/10 + p**4/12 + p**3 - 2*p**2 + 53. What is c(-4)?
-34
Let r(v) = 8 - 7 - 7 + 7*v - 5 - 4. What is r(3)?
6
Let h(z) = -z + 3. Let g be h(6). Let k(m) be the second derivative of -m**4/12 - m**3/3 - 68*m + 2. What is k(g)?
-3
Let o(a) be the second derivative of a**3/6 - a**2/2 - 53*a. Determine o(-5).
-6
Let o(y) be the second derivative of y**5/20 - y**4 + 7*y**3/3 - y**2 - 345*y. Give o(10).
-62
Let p(n) = n + 3. Let r(l) = 2. Suppose -3*y = 4*w - 7, y = 6*y - 4*w + 31. Let s(o) = y*p(o) + 4*r(o). Give s(3).
-10
Let j(b) be the third derivative of -b**4/6 + b**3/6 + 4*b**2. Suppose 5*l + 5*v - 20 = 0, -2*l + 3*v - 8*v = -14. What is j(l)?
-7
Let w(q) = -2*q + 1. Let l(s) = -1. Let x(a) = 6*l(a) +